p, i + 2*z - 18 = -3*z. Suppose -3*o = -0*o - 111. Calculate the remainder when o is divided by i.
11
Let h(k) = -k**3 - 19*k**2 - 19*k - 15. Let y = 13 - 8. Calculate the remainder when y is divided by h(-18).
2
Let a = 353 - 266. Calculate the remainder when a is divided by 7.
3
Suppose 0 = a + 35 + 1. Let k = a + 56. Let g = k - -14. Calculate the remainder when 135 is divided by g.
33
Suppose -4*s - 2 = -5*s. Let x(m) = -2 - 4 - 11*m**s + 10*m**2 + 6*m. What is the remainder when 3 is divided by x(4)?
1
Let f = 19 - 18. Let i = 7 + f. Let y = i - -6. Calculate the remainder when 27 is divided by y.
13
Suppose 0 = -4*g - 2*c - 18, -2*g - 2*c = 3*c + 21. Let h = 46 - -12. Let d = h + g. Calculate the remainder when d is divided by 14.
13
Let k = -2086 + 2107. Suppose -40 = 4*p - 268. What is the remainder when p is divided by k?
15
Let u = -218 + 254. Calculate the remainder when u is divided by 22.
14
Let k be (-6 + 9)*((-5)/(-3) - 1). Suppose k = -t + 3*h + 6, t = 5*h - 2. Calculate the remainder when 50 is divided by t.
11
Suppose 21*a - 18*a = 15. Suppose a*q - 203 = 72. What is the remainder when q is divided by 29?
26
Suppose -3*d + 5*d - 63 = -3*m, 2*m + d = 43. Calculate the remainder when 39 is divided by m.
16
Let q(x) = 14*x**2 - 32*x - 7. What is the remainder when 435 is divided by q(3)?
21
Suppose p - u = -1 + 9, -2*p + 4*u + 24 = 0. Suppose -25 + 1 = -p*b. What is the remainder when 22 is divided by (-4 - -8)*b/4?
4
Suppose -5*i - 2*m = -3*m - 338, 3*m = 3*i - 210. Calculate the remainder when 533 is divided by i.
64
Let k(p) = 2*p**2 - 13*p + 8. Let n be k(6). Calculate the remainder when 181 is divided by 96/(1 + n) + 5.
33
Suppose 0 = 4*z - 5*p + 9*p - 328, 5*z - 410 = -2*p. Calculate the remainder when z is divided by 6.
4
Let w = -48 + 64. Let l(j) = j**2 - 13*j - 107. What is the remainder when w is divided by l(-6)?
2
What is the remainder when (-3114)/(-8) + (-1)/(4 - 0) is divided by 78?
77
What is the remainder when 73 is divided by 35/14*(-1)/(15/(-162))?
19
Let f(o) = 9*o - 30. Let v(a) = 10*a - 31. Let r = 34 - 38. Let k(p) = r*v(p) + 5*f(p). What is the remainder when k(13) is divided by 20?
19
Let p(w) = w**2 - 5*w - 3. What is the remainder when p(6) is divided by 3?
0
Suppose 9*t - 2700 = -9*t. What is the remainder when t is divided by 17?
14
Suppose 6*w - 13 = 101. Calculate the remainder when w is divided by 10.
9
Let y(r) = -r**3 - 5*r**2 - 2*r - 1. Suppose 0 = 7*w - 2*w + 25. What is the remainder when 15 is divided by y(w)?
6
Suppose 0 = 3*c - 33 + 39, 5*t = 4*c + 378. What is the remainder when 2071 is divided by t?
73
Let t be 13 - 2/(-1 - 1/(-3)). What is the remainder when 1 + 98 + -8*(-2)/t is divided by 26?
22
Let s(j) = 7*j - 2. Let w be 1/2*(-1 + 5). What is the remainder when s(w) is divided by 4?
0
Let u = -10 - -17. Suppose -u = -m + 12. Calculate the remainder when 54 is divided by m.
16
Let n = 24 - -4. Suppose 5*s - b = -3*b + n, 3*s - 20 = -2*b. Suppose s*j - 60 = -4*o, 0 = -0*j - 3*j + 6. What is the remainder when o is divided by 7?
6
Let w = -47 - -86. Suppose -4*o + 61 = -w. Suppose -19 - 33 = -4*s. What is the remainder when o is divided by s?
12
Suppose -2*s = -3*h - 3*s + 284, 2*s - 10 = 0. Suppose 83*m + 335 - 1912 = 0. What is the remainder when h is divided by m?
17
Let x(m) = m - 1. Let b be x(6). Let n be ((-50)/(-4))/(17/34). Suppose 2*y - b*w = n, 4*y + 2*w + 0*w = 86. What is the remainder when 77 is divided by y?
17
Suppose -100 = -3*n - n. Let w = -68 + 120. Suppose w - 4 = f. What is the remainder when f is divided by n?
23
What is the remainder when (-142 + 141)/(2/(-190)) is divided by 4/(-14) + (-100)/(-7)?
11
Let o be 1/(-2)*-6 - 1. Suppose 6 = -o*d + 4*d. Let k(u) = 42*u - 1510. What is the remainder when d is divided by k(36)?
1
Suppose -5*t - 3*o + 220 = 0, -t + 37 = -3*o + 5*o. Calculate the remainder when 234 is divided by t.
46
Let s = 1104 + -1012. What is the remainder when s is divided by 8?
4
Suppose 23*w = 5*n + 27*w - 385, n = 3*w + 96. Calculate the remainder when 129 is divided by n.
48
Let y = -527 - -546. What is the remainder when 42 is divided by y?
4
Calculate the remainder when 1773 is divided by -3 + (-3645)/90*(-4)/6.
21
Suppose 0 = -3*o + 2*b + 17, -25 = -3*o + 4*b - 6. Suppose 0*d = -5*d + 80. Let i = -2 + d. What is the remainder when i is divided by o?
4
Calculate the remainder when 1326/12 - (4 + 5/(-2)) is divided by 29.
22
Let s(v) = 4 - 2*v - v + 3*v**2 + 0*v. Let r(i) = -5*i - 3. What is the remainder when s(-4) is divided by r(-5)?
20
Suppose 7*m + 12 = -2. Let v(b) = -2*b**3 - b**2 - 2*b - 3. What is the remainder when 23 is divided by v(m)?
10
Let l = 589 - 575. Suppose -7 = -q + 2*h, 7*q - 27 = 2*q + 2*h. Calculate the remainder when l is divided by q.
4
What is the remainder when 47 is divided by 274/17 + (-133)/119 + 1?
15
Suppose -36 = 2*c - 6. Let j(r) = -r**3 - 15*r**2 + r + 22. Calculate the remainder when j(c) is divided by 5.
2
Let o = 253 + -208. Calculate the remainder when 493 is divided by o.
43
Suppose -2*p + 3*p = 18. Suppose -p + 35 = w. Calculate the remainder when w is divided by 16.
1
What is the remainder when (-860 - 7)/(20 - 21) is divided by 79?
77
Let k(c) = c**2 - 4*c + 3. Let z = -129 + 117. Let d = -2 - z. What is the remainder when k(6) is divided by d?
5
Suppose b = -5*j + 13, 0*b - 14 = -4*j - 2*b. Let o = 4 - j. Calculate the remainder when 27*o - (0 + 1) is divided by 14.
11
Suppose 3*x - 2 = -y, 5*y = -7*x + 10*x + 10. Suppose -15 = -m - 16, -28 = -y*t + 4*m. What is the remainder when 45 is divided by t?
9
Let t(a) = a + 10. Suppose 9 = -4*m - 11. What is the remainder when 15 is divided by t(m)?
0
Suppose -k = 25 - 10. What is the remainder when 77 is divided by (-12)/20*-21 + (-6)/k?
12
Let u(c) = -c**3 - 3*c**2 + 6*c - 4. Suppose -3*f + 20 = -v, 3*v + 5 = v - f. What is the remainder when 60 is divided by u(v)?
12
Suppose 5*w = 2*h - 18, -88 = -4*w - 72. Calculate the remainder when 1917 is divided by h.
17
Suppose -5*z + 3*g + 76 = 5*g, 0 = -4*z - g + 59. Let k(x) = x**2 - 3*x + 3. What is the remainder when k(6) is divided by z?
7
Let t be 6*14/30 - 2/(-10). Suppose 39 = 4*g + 2*n + t, -41 = -3*g + 2*n. Calculate the remainder when 21 is divided by g.
10
Let q = 397 - 238. Calculate the remainder when q is divided by 27.
24
Let f(d) = 5*d + 9. Let z be f(3). Suppose -62*s = -58*s - z. Calculate the remainder when s is divided by 3.
0
Let q(t) = -4*t**3 + 16*t + 20. Suppose -6 = -o - 4*i, 8*o - 4*o = 2*i + 24. Calculate the remainder when q(0) is divided by o.
2
Suppose -4*v = -4*c - 408, 0*v + 416 = -4*c + 2*v. Suppose 0*b = -5*b - 315. Let r = b - c. What is the remainder when r is divided by 15?
13
What is the remainder when 25 is divided by (-132)/(-220)*(1 - -9*1)?
1
Suppose 0 = 5*l - 3*k - 53, 3*l = 4*k - 8*k + 55. Suppose -5 = 2*b + 5*p, 3*b - 5*p = 17 + 13. Calculate the remainder when l is divided by b.
3
Let a = -367 - -416. What is the remainder when a is divided by 10?
9
Let n = -14 + 29. Let k be n/(-6)*(3 - 1). Calculate the remainder when 25 is divided by 5 - (2 + k) - -1.
7
Let a = 170 - -401. What is the remainder when a is divided by 14?
11
Let k be (70/3)/((-10)/(-15))*-1. Calculate the remainder when (-3375)/(-21) + (-10)/k is divided by 33.
29
Let y(g) = -34*g - 2. Let v be y(-1). Let o = 50 + v. Calculate the remainder when o is divided by 28.
26
Let c(s) = s**3 - 2*s**2 - 7*s. Let l(w) = 6*w - 27. What is the remainder when c(5) is divided by l(7)?
10
What is the remainder when (-427 + -5 + 5)/(-1) is divided by 43?
40
Let x(j) = j**2 - 7*j + 2. Let p be x(6). Let d = 35 + -15. What is the remainder when ((-6)/(-3))/(p/(-74)) is divided by d?
17
Suppose 15*t - 10*t - 75 = 0. Let y = 21 - t. Calculate the remainder when 27 is divided by y.
3
Suppose -3*b = 2*q - 18, 6*q - q - 36 = -3*b. Calculate the remainder when 45 is divided by q.
3
Suppose -o = 3*j - 288, -3*o = -j + o + 109. What is the remainder when j is divided by (-42)/5*485/(-291)?
13
Suppose p + 16 + 4 = 0. Let b = p - -22. Suppose -w + b*w - 32 = 0. What is the remainder when 94 is divided by w?
30
Let f = 13 + -14. Let i = f - -3. What is the remainder when 45 is divided by i/(-4) + (-25)/(-2)?
9
Suppose -4